{"id":122,"date":"2014-11-01T14:07:54","date_gmt":"2014-11-01T13:07:54","guid":{"rendered":"http:\/\/ecole-ste-anne-asserac.fr\/?page_id=122"},"modified":"2022-02-22T12:47:42","modified_gmt":"2022-02-22T11:47:42","slug":"comment-sinscrire","status":"publish","type":"page","link":"https:\/\/ecole-ste-anne-asserac.fr\/?page_id=122","title":{"rendered":"Comment s&rsquo;inscrire ?"},"content":{"rendered":"<p>Pour la prochaine ann\u00e9e scolaire , ou en cours d&rsquo;ann\u00e9e , vous pouvez appeler&nbsp;au &nbsp;<strong>02 53 30 13 94<\/strong> pour prendre rendez-vous avec la directrice, ou par mail : <strong>ec.asserac.ste-anne@ec44.fr<\/strong><\/p>\n<p>En dehors du mardi , n&rsquo;h\u00e9sitez pas \u00e0 laisser un message sur le r\u00e9pondeur : il n&rsquo;y a pas de secr\u00e9tariat !!<\/p>\n<p>Suite \u00e0 cela, la directrice &nbsp;vous accueillera pour un entretien et la visite de l\u2019\u00e9cole . Vous pourrez avoir&nbsp;&nbsp;\u00e9galement plus d&rsquo;informations sur le projet \u00e9ducatif, le projet d&rsquo;\u00e9cole, le r\u00e8glement int\u00e9rieur et les conditions financi\u00e8res&#8230;.<\/p>\n<p>&nbsp;<\/p>\n","protected":false},"excerpt":{"rendered":"<p>Pour la prochaine ann\u00e9e scolaire , ou en cours d&rsquo;ann\u00e9e , vous pouvez appeler&nbsp;au &nbsp;02 53 30 13 94 pour prendre rendez-vous avec la directrice, ou par mail : ec.asserac.ste-anne@ec44.fr En dehors du mardi , n&rsquo;h\u00e9sitez pas \u00e0 laisser un message sur le r\u00e9pondeur : il n&rsquo;y a pas de secr\u00e9tariat !! Suite \u00e0 cela,<\/p>\n<p><a href=\"https:\/\/ecole-ste-anne-asserac.fr\/?page_id=122\" class=\"more-link themebutton\">Lire la suite<\/a><\/p>\n","protected":false},"author":3,"featured_media":0,"parent":0,"menu_order":0,"comment_status":"closed","ping_status":"closed","template":"","meta":{"ngg_post_thumbnail":0,"footnotes":""},"class_list":["post-122","page","type-page","status-publish","hentry"],"_links":{"self":[{"href":"https:\/\/ecole-ste-anne-asserac.fr\/index.php?rest_route=\/wp\/v2\/pages\/122","targetHints":{"allow":["GET"]}}],"collection":[{"href":"https:\/\/ecole-ste-anne-asserac.fr\/index.php?rest_route=\/wp\/v2\/pages"}],"about":[{"href":"https:\/\/ecole-ste-anne-asserac.fr\/index.php?rest_route=\/wp\/v2\/types\/page"}],"author":[{"embeddable":true,"href":"https:\/\/ecole-ste-anne-asserac.fr\/index.php?rest_route=\/wp\/v2\/users\/3"}],"replies":[{"embeddable":true,"href":"https:\/\/ecole-ste-anne-asserac.fr\/index.php?rest_route=%2Fwp%2Fv2%2Fcomments&post=122"}],"version-history":[{"count":3,"href":"https:\/\/ecole-ste-anne-asserac.fr\/index.php?rest_route=\/wp\/v2\/pages\/122\/revisions"}],"predecessor-version":[{"id":4751,"href":"https:\/\/ecole-ste-anne-asserac.fr\/index.php?rest_route=\/wp\/v2\/pages\/122\/revisions\/4751"}],"wp:attachment":[{"href":"https:\/\/ecole-ste-anne-asserac.fr\/index.php?rest_route=%2Fwp%2Fv2%2Fmedia&parent=122"}],"curies":[{"name":"wp","href":"https:\/\/api.w.org\/{rel}","templated":true}]}}