{"id":152,"date":"2022-02-22T13:02:19","date_gmt":"2022-02-22T12:02:19","guid":{"rendered":"http:\/\/ecole-ste-anne-asserac.fr\/?page_id=152"},"modified":"2023-11-10T22:02:53","modified_gmt":"2023-11-10T21:02:53","slug":"actualites-a-p-e-l","status":"publish","type":"page","link":"https:\/\/ecole-ste-anne-asserac.fr\/?page_id=152","title":{"rendered":"Actualit\u00e9s A.P.E.L"},"content":{"rendered":"<p>Comme chaque ann\u00e9e, l\u2019A.P.E.L organise divers animations afin de r\u00e9colter des&nbsp; fonds pour mener \u00e0 bien les diff\u00e9rents projets de l\u2019\u00e9cole.<\/p>\n<p><strong>Vous trouverez sur cette page les diff\u00e9rentes manifestations de l&rsquo;ann\u00e9e 2023-2024.<\/strong><\/p>\n<table style=\"width: 75.1902%;\">\n<tbody>\n<tr>\n<td style=\"width: 61.7849%;\" width=\"267\">Repas anim\u00e9<\/td>\n<td style=\"width: 75.1612%;\" width=\"156\">14 Octobre 2023<\/td>\n<\/tr>\n<tr>\n<td style=\"width: 61.7849%;\" width=\"267\">March\u00e9 de No\u00ebl &#8211; Vente de chocolats de No\u00ebl<\/td>\n<td style=\"width: 75.1612%;\" width=\"156\">15 D\u00e9cembre 2023<\/td>\n<\/tr>\n<tr>\n<td style=\"width: 61.7849%;\" width=\"267\">Vente de G\u00e2teaux BIJOU<\/td>\n<td style=\"width: 75.1612%;\" width=\"156\">F\u00e9vrier 2024 ( livraison avant les vacances)<\/td>\n<\/tr>\n<tr>\n<td style=\"width: 61.7849%;\" width=\"267\">Vente de plantes ( fleurs, l\u00e9gumes )<\/td>\n<td style=\"width: 75.1612%;\" width=\"156\">Avril 2024 ( livraison avant les vacances)<\/td>\n<\/tr>\n<tr>\n<td style=\"width: 61.7849%;\" width=\"267\">Vide-greniers<\/td>\n<td style=\"width: 75.1612%;\" width=\"156\">2 Juin 2024<\/td>\n<\/tr>\n<tr>\n<td style=\"width: 61.7849%;\" width=\"267\">F\u00eate de l&rsquo;\u00e9cole<\/td>\n<td style=\"width: 75.1612%;\" width=\"156\">Samedi 29 Juin 2024<\/td>\n<\/tr>\n<tr>\n<td style=\"width: 61.7849%;\" width=\"267\">&nbsp;<\/td>\n<td style=\"width: 75.1612%;\" width=\"156\">&nbsp;<\/td>\n<\/tr>\n<\/tbody>\n<\/table>\n<p>Actualit\u00e9 du moment :&nbsp;&nbsp;<\/p>\n<p>&nbsp; <a href=\"http:\/\/ecole-ste-anne-asserac.fr\/wp-content\/uploads\/2023\/11\/Marche-de.jpg\"><img loading=\"lazy\" decoding=\"async\" class=\"alignnone size-medium wp-image-6154\" src=\"http:\/\/ecole-ste-anne-asserac.fr\/wp-content\/uploads\/2023\/11\/Marche-de-212x300.jpg\" alt=\"\" width=\"212\" height=\"300\" srcset=\"https:\/\/ecole-ste-anne-asserac.fr\/wp-content\/uploads\/2023\/11\/Marche-de-212x300.jpg 212w, https:\/\/ecole-ste-anne-asserac.fr\/wp-content\/uploads\/2023\/11\/Marche-de-724x1024.jpg 724w, https:\/\/ecole-ste-anne-asserac.fr\/wp-content\/uploads\/2023\/11\/Marche-de-768x1086.jpg 768w, https:\/\/ecole-ste-anne-asserac.fr\/wp-content\/uploads\/2023\/11\/Marche-de-600x849.jpg 600w, https:\/\/ecole-ste-anne-asserac.fr\/wp-content\/uploads\/2023\/11\/Marche-de-1086x1536.jpg 1086w, https:\/\/ecole-ste-anne-asserac.fr\/wp-content\/uploads\/2023\/11\/Marche-de.jpg 1414w\" sizes=\"auto, (max-width: 212px) 100vw, 212px\" \/><\/a><\/p>\n<p>&nbsp;<\/p>\n<p>&nbsp;<\/p>\n<p>&nbsp;<\/p>\n<p><strong>Le bureau APEL<\/strong><\/p>\n","protected":false},"excerpt":{"rendered":"<p>Comme chaque ann\u00e9e, l\u2019A.P.E.L organise divers animations afin de r\u00e9colter des&nbsp; fonds pour mener \u00e0 bien les diff\u00e9rents projets de l\u2019\u00e9cole. Vous trouverez sur cette page les diff\u00e9rentes manifestations de l&rsquo;ann\u00e9e 2023-2024. Repas anim\u00e9 14 Octobre 2023 March\u00e9 de No\u00ebl &#8211; Vente de chocolats de No\u00ebl 15 D\u00e9cembre 2023 Vente de G\u00e2teaux BIJOU F\u00e9vrier 2024<\/p>\n<p><a href=\"https:\/\/ecole-ste-anne-asserac.fr\/?page_id=152\" class=\"more-link themebutton\">Lire la suite<\/a><\/p>\n","protected":false},"author":3,"featured_media":6154,"parent":0,"menu_order":0,"comment_status":"closed","ping_status":"closed","template":"","meta":{"ngg_post_thumbnail":0,"footnotes":""},"class_list":["post-152","page","type-page","status-publish","has-post-thumbnail","hentry"],"_links":{"self":[{"href":"https:\/\/ecole-ste-anne-asserac.fr\/index.php?rest_route=\/wp\/v2\/pages\/152","targetHints":{"allow":["GET"]}}],"collection":[{"href":"https:\/\/ecole-ste-anne-asserac.fr\/index.php?rest_route=\/wp\/v2\/pages"}],"about":[{"href":"https:\/\/ecole-ste-anne-asserac.fr\/index.php?rest_route=\/wp\/v2\/types\/page"}],"author":[{"embeddable":true,"href":"https:\/\/ecole-ste-anne-asserac.fr\/index.php?rest_route=\/wp\/v2\/users\/3"}],"replies":[{"embeddable":true,"href":"https:\/\/ecole-ste-anne-asserac.fr\/index.php?rest_route=%2Fwp%2Fv2%2Fcomments&post=152"}],"version-history":[{"count":37,"href":"https:\/\/ecole-ste-anne-asserac.fr\/index.php?rest_route=\/wp\/v2\/pages\/152\/revisions"}],"predecessor-version":[{"id":6155,"href":"https:\/\/ecole-ste-anne-asserac.fr\/index.php?rest_route=\/wp\/v2\/pages\/152\/revisions\/6155"}],"wp:featuredmedia":[{"embeddable":true,"href":"https:\/\/ecole-ste-anne-asserac.fr\/index.php?rest_route=\/wp\/v2\/media\/6154"}],"wp:attachment":[{"href":"https:\/\/ecole-ste-anne-asserac.fr\/index.php?rest_route=%2Fwp%2Fv2%2Fmedia&parent=152"}],"curies":[{"name":"wp","href":"https:\/\/api.w.org\/{rel}","templated":true}]}}