{"id":24,"date":"2014-10-01T14:38:42","date_gmt":"2014-10-01T13:38:42","guid":{"rendered":"http:\/\/ecole-ste-anne-asserac.fr\/?page_id=24"},"modified":"2022-09-04T17:11:38","modified_gmt":"2022-09-04T15:11:38","slug":"informations-pratiques","status":"publish","type":"page","link":"https:\/\/ecole-ste-anne-asserac.fr\/?page_id=24","title":{"rendered":"Informations pratiques"},"content":{"rendered":"<p>T\u00e9l\u00e9phone : 02 53 30 13 94<\/p>\n<p>La Directrice est pr\u00e9sente au bureau tous les lundis. En dehors de ce jour, n&rsquo;h\u00e9sitez pas \u00e0 laisser un message sur le r\u00e9pondeur !<\/p>\n<p>Vous pouvez \u00e9galement laisser un mail \u00e0 l&rsquo;adresse suivante :&nbsp;<\/p>\n<p><a href=\"mailto:ec.asserac.ste-anne@ec44.fr\">ec.asserac.ste-anne@ec44.fr<\/a><\/p>\n<p>&nbsp;<\/p>\n<p>&nbsp;<\/p>\n","protected":false},"excerpt":{"rendered":"<p>T\u00e9l\u00e9phone : 02 53 30 13 94 La Directrice est pr\u00e9sente au bureau tous les lundis. En dehors de ce jour, n&rsquo;h\u00e9sitez pas \u00e0 laisser un message sur le r\u00e9pondeur ! Vous pouvez \u00e9galement laisser un mail \u00e0 l&rsquo;adresse suivante :&nbsp; ec.asserac.ste-anne@ec44.fr &nbsp; &nbsp;<\/p>\n","protected":false},"author":3,"featured_media":0,"parent":0,"menu_order":0,"comment_status":"closed","ping_status":"closed","template":"","meta":{"ngg_post_thumbnail":0,"footnotes":""},"class_list":["post-24","page","type-page","status-publish","hentry"],"_links":{"self":[{"href":"https:\/\/ecole-ste-anne-asserac.fr\/index.php?rest_route=\/wp\/v2\/pages\/24","targetHints":{"allow":["GET"]}}],"collection":[{"href":"https:\/\/ecole-ste-anne-asserac.fr\/index.php?rest_route=\/wp\/v2\/pages"}],"about":[{"href":"https:\/\/ecole-ste-anne-asserac.fr\/index.php?rest_route=\/wp\/v2\/types\/page"}],"author":[{"embeddable":true,"href":"https:\/\/ecole-ste-anne-asserac.fr\/index.php?rest_route=\/wp\/v2\/users\/3"}],"replies":[{"embeddable":true,"href":"https:\/\/ecole-ste-anne-asserac.fr\/index.php?rest_route=%2Fwp%2Fv2%2Fcomments&post=24"}],"version-history":[{"count":3,"href":"https:\/\/ecole-ste-anne-asserac.fr\/index.php?rest_route=\/wp\/v2\/pages\/24\/revisions"}],"predecessor-version":[{"id":4989,"href":"https:\/\/ecole-ste-anne-asserac.fr\/index.php?rest_route=\/wp\/v2\/pages\/24\/revisions\/4989"}],"wp:attachment":[{"href":"https:\/\/ecole-ste-anne-asserac.fr\/index.php?rest_route=%2Fwp%2Fv2%2Fmedia&parent=24"}],"curies":[{"name":"wp","href":"https:\/\/api.w.org\/{rel}","templated":true}]}}