{"id":2765,"date":"2018-11-11T14:35:56","date_gmt":"2018-11-11T13:35:56","guid":{"rendered":"http:\/\/ecole-ste-anne-asserac.fr\/?page_id=2765"},"modified":"2021-06-05T22:29:48","modified_gmt":"2021-06-05T21:29:48","slug":"international","status":"publish","type":"page","link":"https:\/\/ecole-ste-anne-asserac.fr\/?page_id=2765","title":{"rendered":"International"},"content":{"rendered":"<p>L&rsquo;ouverture sur le Monde est un des axes essentiels de notre Projet \u00e9ducatif&#8230; \u00ab\u00a0L&rsquo;international\u00a0\u00bb est tr\u00e8s concret pour les enfants, les enseignantes et les parents d&rsquo;\u00e9l\u00e8ves car tous le vivent \u00e0 l&rsquo;\u00e9cole Sainte Anne.<\/p>\n","protected":false},"excerpt":{"rendered":"<p>L&rsquo;ouverture sur le Monde est un des axes essentiels de notre Projet \u00e9ducatif&#8230; \u00ab\u00a0L&rsquo;international\u00a0\u00bb est tr\u00e8s concret pour les enfants, les enseignantes et les parents d&rsquo;\u00e9l\u00e8ves car tous le vivent \u00e0 l&rsquo;\u00e9cole Sainte Anne.<\/p>\n","protected":false},"author":3,"featured_media":0,"parent":0,"menu_order":0,"comment_status":"closed","ping_status":"closed","template":"","meta":{"ngg_post_thumbnail":0,"footnotes":""},"class_list":["post-2765","page","type-page","status-publish","hentry"],"_links":{"self":[{"href":"https:\/\/ecole-ste-anne-asserac.fr\/index.php?rest_route=\/wp\/v2\/pages\/2765","targetHints":{"allow":["GET"]}}],"collection":[{"href":"https:\/\/ecole-ste-anne-asserac.fr\/index.php?rest_route=\/wp\/v2\/pages"}],"about":[{"href":"https:\/\/ecole-ste-anne-asserac.fr\/index.php?rest_route=\/wp\/v2\/types\/page"}],"author":[{"embeddable":true,"href":"https:\/\/ecole-ste-anne-asserac.fr\/index.php?rest_route=\/wp\/v2\/users\/3"}],"replies":[{"embeddable":true,"href":"https:\/\/ecole-ste-anne-asserac.fr\/index.php?rest_route=%2Fwp%2Fv2%2Fcomments&post=2765"}],"version-history":[{"count":22,"href":"https:\/\/ecole-ste-anne-asserac.fr\/index.php?rest_route=\/wp\/v2\/pages\/2765\/revisions"}],"predecessor-version":[{"id":4218,"href":"https:\/\/ecole-ste-anne-asserac.fr\/index.php?rest_route=\/wp\/v2\/pages\/2765\/revisions\/4218"}],"wp:attachment":[{"href":"https:\/\/ecole-ste-anne-asserac.fr\/index.php?rest_route=%2Fwp%2Fv2%2Fmedia&parent=2765"}],"curies":[{"name":"wp","href":"https:\/\/api.w.org\/{rel}","templated":true}]}}

<p>L&rsquo;ouverture sur le Monde est un des axes essentiels de notre Projet éducatif&#8230; « L&rsquo;international » est très concret pour les enfants, les enseignantes et les parents d&rsquo;élèves car tous le vivent à l&rsquo;école Sainte Anne.</p>
