{"id":28,"date":"2014-10-01T14:42:15","date_gmt":"2014-10-01T13:42:15","guid":{"rendered":"http:\/\/ecole-ste-anne-asserac.fr\/?page_id=28"},"modified":"2021-09-11T13:31:10","modified_gmt":"2021-09-11T11:31:10","slug":"horaires","status":"publish","type":"page","link":"https:\/\/ecole-ste-anne-asserac.fr\/?page_id=28","title":{"rendered":"Horaires"},"content":{"rendered":"<p>Pour les maternelles ( PS\/MS\/GS ) :<\/p>\n<table>\n<tbody>\n<tr>\n<td style=\"width: 65.2604px;\"><span style=\"text-decoration: underline;\"><strong>Lundi<\/strong><\/span><\/td>\n<td style=\"width: 69.7049px;\"><span style=\"text-decoration: underline;\"><strong>Mardi<\/strong><\/span><\/td>\n<td style=\"width: 101.927px;\"><span style=\"text-decoration: underline;\"><strong>Mercredi<\/strong><\/span><\/td>\n<td style=\"width: 69.7049px;\"><span style=\"text-decoration: underline;\"><strong>Jeudi<\/strong><\/span><\/td>\n<td style=\"width: 81.9271px;\"><span style=\"text-decoration: underline;\"><strong>Vendredi<\/strong><\/span><\/td>\n<\/tr>\n<tr>\n<td style=\"width: 65.2604px;\">8H45 \u00e0 11H45<\/td>\n<td style=\"width: 69.7049px;\">8H45 \u00e0 11H45<\/td>\n<td style=\"width: 101.927px;\"><strong>X<\/strong><\/td>\n<td style=\"width: 69.7049px;\">8H45 \u00e0 11H45<\/td>\n<td style=\"width: 81.9271px;\">8H45 \u00e0 11H45<\/td>\n<\/tr>\n<tr>\n<td style=\"width: 65.2604px;\">13H15 \u00e0 <strong>16H30<\/strong><\/td>\n<td style=\"width: 69.7049px;\">13H15 \u00e0 16H30<\/td>\n<td style=\"width: 101.927px;\">X<\/td>\n<td style=\"width: 69.7049px;\">13H15 \u00e0 <strong>16H30<\/strong><\/td>\n<td style=\"width: 81.9271px;\">13H15 \u00e0 <strong>16H30<\/strong><\/td>\n<\/tr>\n<tr>\n<td style=\"width: 151.927px;\" colspan=\"2\">&nbsp;<\/td>\n<td style=\"width: 101.927px;\">&nbsp;<\/td>\n<td style=\"width: 168.594px;\" colspan=\"2\">&nbsp;<\/td>\n<\/tr>\n<\/tbody>\n<\/table>\n<p>Pour les primaires ( CP au CM2 ) :<\/p>\n<table style=\"height: 150px;\" width=\"472\">\n<tbody>\n<tr>\n<td width=\"128\">Lundi<\/td>\n<td width=\"129\">Mardi<\/td>\n<td width=\"128\">Mercredi<\/td>\n<td width=\"129\">Jeudi<\/td>\n<td width=\"129\">Vendredi<\/td>\n<\/tr>\n<tr>\n<td width=\"128\">8H45 \u00e0 12H15<\/td>\n<td width=\"129\">8H45 \u00e0 12H15<\/td>\n<td width=\"128\"><strong>X<\/strong><\/td>\n<td width=\"129\">8H45 \u00e0 12H15<\/td>\n<td width=\"129\">8H45 \u00e0 12H15<\/td>\n<\/tr>\n<tr>\n<td width=\"128\">13H45 \u00e0 <strong>16H30<\/strong><\/td>\n<td width=\"129\">13H45 \u00e0 16H30<\/td>\n<td width=\"128\">X<\/td>\n<td width=\"129\">13H45 \u00e0 <strong>16H30<\/strong><\/td>\n<td width=\"129\">13H45 \u00e0 <strong>16H30<\/strong><\/td>\n<\/tr>\n<tr>\n<td colspan=\"2\" width=\"257\">&nbsp;<\/td>\n<td width=\"128\">&nbsp;<\/td>\n<td colspan=\"2\" width=\"257\">&nbsp;<\/td>\n<\/tr>\n<\/tbody>\n<\/table>\n<p>La sortie des classes se fait \u00e0 <strong>16H30 les lundis, mardis, jeudis, et vendredis . <\/strong>&nbsp;Les cars des transports scolaires et du p\u00e9riscolaire passent \u00e0&nbsp;16H30 tous les soirs.<\/p>\n<p>Il n&rsquo;y a pas de classe le mercredi.<\/p>\n<p>Les enfants qui avaient particip\u00e9 aux activit\u00e9s p\u00e9ri-\u00e9ducatives (TPE) vous pr\u00e9sentent ce qu&rsquo;ils avaient r\u00e9alis\u00e9 durant l&rsquo;ann\u00e9e 2016-2017 en cliquant <a href=\"https:\/\/youtu.be\/o2W-uUlS0Fs\">ici<\/a>.<\/p>\n","protected":false},"excerpt":{"rendered":"<p>Pour les maternelles ( PS\/MS\/GS ) : Lundi Mardi Mercredi Jeudi Vendredi 8H45 \u00e0 11H45 8H45 \u00e0 11H45 X 8H45 \u00e0 11H45 8H45 \u00e0 11H45 13H15 \u00e0 16H30 13H15 \u00e0 16H30 X 13H15 \u00e0 16H30 13H15 \u00e0 16H30 &nbsp; &nbsp; &nbsp; Pour les primaires ( CP au CM2 ) : Lundi Mardi Mercredi Jeudi Vendredi<\/p>\n<p><a href=\"https:\/\/ecole-ste-anne-asserac.fr\/?page_id=28\" class=\"more-link themebutton\">Lire la suite<\/a><\/p>\n","protected":false},"author":3,"featured_media":0,"parent":0,"menu_order":0,"comment_status":"closed","ping_status":"closed","template":"","meta":{"ngg_post_thumbnail":0,"footnotes":""},"class_list":["post-28","page","type-page","status-publish","hentry"],"_links":{"self":[{"href":"https:\/\/ecole-ste-anne-asserac.fr\/index.php?rest_route=\/wp\/v2\/pages\/28","targetHints":{"allow":["GET"]}}],"collection":[{"href":"https:\/\/ecole-ste-anne-asserac.fr\/index.php?rest_route=\/wp\/v2\/pages"}],"about":[{"href":"https:\/\/ecole-ste-anne-asserac.fr\/index.php?rest_route=\/wp\/v2\/types\/page"}],"author":[{"embeddable":true,"href":"https:\/\/ecole-ste-anne-asserac.fr\/index.php?rest_route=\/wp\/v2\/users\/3"}],"replies":[{"embeddable":true,"href":"https:\/\/ecole-ste-anne-asserac.fr\/index.php?rest_route=%2Fwp%2Fv2%2Fcomments&post=28"}],"version-history":[{"count":1,"href":"https:\/\/ecole-ste-anne-asserac.fr\/index.php?rest_route=\/wp\/v2\/pages\/28\/revisions"}],"predecessor-version":[{"id":4417,"href":"https:\/\/ecole-ste-anne-asserac.fr\/index.php?rest_route=\/wp\/v2\/pages\/28\/revisions\/4417"}],"wp:attachment":[{"href":"https:\/\/ecole-ste-anne-asserac.fr\/index.php?rest_route=%2Fwp%2Fv2%2Fmedia&parent=28"}],"curies":[{"name":"wp","href":"https:\/\/api.w.org\/{rel}","templated":true}]}}