{"id":3155,"date":"2020-09-01T12:37:51","date_gmt":"2020-09-01T11:37:51","guid":{"rendered":"http:\/\/ecole-ste-anne-asserac.fr\/?page_id=3155"},"modified":"2023-09-29T08:27:50","modified_gmt":"2023-09-29T06:27:50","slug":"projet-du-ra-enseignement-specialise","status":"publish","type":"page","link":"https:\/\/ecole-ste-anne-asserac.fr\/?page_id=3155","title":{"rendered":"Projet du RA (Enseignement sp\u00e9cialis\u00e9)"},"content":{"rendered":"<p>&nbsp;<\/p>\n<p>Une enseignante , Mme DERIANO Sandrine, est en charge du regroupement d\u2019adaptation ( RA), qui r\u00e9unit 4 \u00e9coles :<br \/>\n&#8211; \u00c9cole Notre Dame du Sacr\u00e9 Coeur \u2013 Saint Andr\u00e9 des Eaux<br \/>\n&#8211; \u00c9cole Sainte-Anne \u2013 Ass\u00e9rac<br \/>\n&#8211; \u00c9cole Saint-Joseph \u2013 Gu\u00e9rande La Madeleine<br \/>\n<em>&#8211;<\/em> Ecole Notre Dame du Rosaire &#8211;&nbsp; Piriac<em><a href=\"http:\/\/ecole-ste-anne-asserac.fr\/wp-content\/uploads\/2019\/06\/Carte-RA.png\"><img loading=\"lazy\" decoding=\"async\" class=\"aligncenter size-medium wp-image-3160\" src=\"http:\/\/ecole-ste-anne-asserac.fr\/wp-content\/uploads\/2019\/06\/Carte-RA-300x279.png\" alt=\"\" width=\"300\" height=\"279\" srcset=\"https:\/\/ecole-ste-anne-asserac.fr\/wp-content\/uploads\/2019\/06\/Carte-RA-300x279.png 300w, https:\/\/ecole-ste-anne-asserac.fr\/wp-content\/uploads\/2019\/06\/Carte-RA-600x559.png 600w, https:\/\/ecole-ste-anne-asserac.fr\/wp-content\/uploads\/2019\/06\/Carte-RA.png 668w\" sizes=\"auto, (max-width: 300px) 100vw, 300px\" \/><\/a><\/em><\/p>\n<p>La loi du 8 juillet 2013 :<br \/>\n\u2022 Reconna\u00eet que tous les enfants partagent la capacit\u00e9 d\u2019apprendre, de progresser et de r\u00e9ussir,<br \/>\n\u2022 Affirme l\u2019objectif d\u2019inclusion scolaire de tous les \u00e9l\u00e8ves<br \/>\n\u2022 Int\u00e8gre la prise en compte de la difficult\u00e9 scolaire qu\u2019elle entend r\u00e9duire<\/p>\n<p>Les actions de l\u2019enseignante sp\u00e9cialis\u00e9e \u00e0 dominante p\u00e9dagogique ont donc pour but de r\u00e9duire l\u2019\u00e9chec scolaire gr\u00e2ce \u00e0 des actions de&nbsp; pr\u00e9vention et de rem\u00e9diation, et d\u2019accompagner les \u00e9l\u00e8ves en<br \/>\nsituation de handicap dans leur scolarit\u00e9. L&rsquo;\u00e9cole se doit \u00eatre accessible pour tous &#8230;.<\/p>\n<p>Le r\u00f4le de l\u2019Enseignante sp\u00e9cialis\u00e9e \u00e0 dominante p\u00e9dagogique est de travailler sur les t\u00e2ches complexes et la dimension m\u00e9tacognitive. Il doit apprendre \u00e0 l\u2019\u00e9l\u00e8ve \u00e0 apprendre et \u00e0 comprendre.<\/p>\n<p>L&rsquo;enseignante sp\u00e9cialis\u00e9e peut intervenir aupr\u00e8s des enfants selon 3 axes :<br \/>\n&#8211; Une aide indirecte (pr\u00e9vention, pistes et ressources aupr\u00e8s de l&rsquo;enseignante de la classe) ;<br \/>\n&#8211; Une aide directe \u00e0 l\u2019\u00e9l\u00e8ve en dehors de la classe mais toujours en lien avec la classe : co-intervention<br \/>\n&#8211; Une aide directe \u00e0 l\u2019\u00e9l\u00e8ve au sein de la classe : co-enseignement<\/p>\n<p>Les parents des \u00e9l\u00e8ves concern\u00e9s sont tenus inform\u00e9s du projet qui concerne leur enfant. Le projet leur est pr\u00e9sent\u00e9 lors d\u2019une rencontre avec les deux enseignantes ( classe et RA ) . De m\u00eame , un bilan avec les enseignants, l\u2019\u00e9l\u00e8ve et ses parents est effectu\u00e9 en fin de projet en vue de permettre un r\u00e9ajustement ou la r\u00e9daction d\u2019un nouveau projet.<\/p>\n","protected":false},"excerpt":{"rendered":"<p>&nbsp; Une enseignante , Mme DERIANO Sandrine, est en charge du regroupement d\u2019adaptation ( RA), qui r\u00e9unit 4 \u00e9coles : &#8211; \u00c9cole Notre Dame du Sacr\u00e9 Coeur \u2013 Saint Andr\u00e9 des Eaux &#8211; \u00c9cole Sainte-Anne \u2013 Ass\u00e9rac &#8211; \u00c9cole Saint-Joseph \u2013 Gu\u00e9rande La Madeleine &#8211; Ecole Notre Dame du Rosaire &#8211;&nbsp; Piriac La loi du<\/p>\n<p><a href=\"https:\/\/ecole-ste-anne-asserac.fr\/?page_id=3155\" class=\"more-link themebutton\">Lire la suite<\/a><\/p>\n","protected":false},"author":3,"featured_media":0,"parent":14,"menu_order":0,"comment_status":"closed","ping_status":"closed","template":"","meta":{"ngg_post_thumbnail":0,"footnotes":""},"class_list":["post-3155","page","type-page","status-publish","hentry"],"_links":{"self":[{"href":"https:\/\/ecole-ste-anne-asserac.fr\/index.php?rest_route=\/wp\/v2\/pages\/3155","targetHints":{"allow":["GET"]}}],"collection":[{"href":"https:\/\/ecole-ste-anne-asserac.fr\/index.php?rest_route=\/wp\/v2\/pages"}],"about":[{"href":"https:\/\/ecole-ste-anne-asserac.fr\/index.php?rest_route=\/wp\/v2\/types\/page"}],"author":[{"embeddable":true,"href":"https:\/\/ecole-ste-anne-asserac.fr\/index.php?rest_route=\/wp\/v2\/users\/3"}],"replies":[{"embeddable":true,"href":"https:\/\/ecole-ste-anne-asserac.fr\/index.php?rest_route=%2Fwp%2Fv2%2Fcomments&post=3155"}],"version-history":[{"count":12,"href":"https:\/\/ecole-ste-anne-asserac.fr\/index.php?rest_route=\/wp\/v2\/pages\/3155\/revisions"}],"predecessor-version":[{"id":5889,"href":"https:\/\/ecole-ste-anne-asserac.fr\/index.php?rest_route=\/wp\/v2\/pages\/3155\/revisions\/5889"}],"up":[{"embeddable":true,"href":"https:\/\/ecole-ste-anne-asserac.fr\/index.php?rest_route=\/wp\/v2\/pages\/14"}],"wp:attachment":[{"href":"https:\/\/ecole-ste-anne-asserac.fr\/index.php?rest_route=%2Fwp%2Fv2%2Fmedia&parent=3155"}],"curies":[{"name":"wp","href":"https:\/\/api.w.org\/{rel}","templated":true}]}}