{"id":56,"date":"2014-11-02T21:46:06","date_gmt":"2014-11-02T20:46:06","guid":{"rendered":"http:\/\/ecole-ste-anne-asserac.fr\/?page_id=56"},"modified":"2025-09-23T11:31:26","modified_gmt":"2025-09-23T09:31:26","slug":"lequipe-educative","status":"publish","type":"page","link":"https:\/\/ecole-ste-anne-asserac.fr\/?page_id=56","title":{"rendered":"L&rsquo;\u00e9quipe \u00e9ducative"},"content":{"rendered":"<p>&nbsp; Voici cette ann\u00e9e la composition de l&rsquo;\u00e9quipe \u00e9ducative de l&rsquo;\u00e9cole Sainte Anne :<\/p>\n<p>&#8211;<strong> Equipe du cycle 1<\/strong><\/p>\n<p>Classe de PPS-PS-MS : Delphine DESCOINGS avec Sarah GUIHO (ASEM)&nbsp;<\/p>\n<p>Classe de GS : Sylvie PORCHER avec Nady LASALLE (ASEM)<\/p>\n<p><a href=\"http:\/\/ecole-ste-anne-asserac.fr\/wp-content\/uploads\/2025\/09\/cycle-1.jpg\"><img loading=\"lazy\" decoding=\"async\" class=\"size-medium wp-image-7245 aligncenter\" src=\"http:\/\/ecole-ste-anne-asserac.fr\/wp-content\/uploads\/2025\/09\/cycle-1-300x300.jpg\" alt=\"\" width=\"300\" height=\"300\" srcset=\"https:\/\/ecole-ste-anne-asserac.fr\/wp-content\/uploads\/2025\/09\/cycle-1-300x300.jpg 300w, https:\/\/ecole-ste-anne-asserac.fr\/wp-content\/uploads\/2025\/09\/cycle-1-150x150.jpg 150w, https:\/\/ecole-ste-anne-asserac.fr\/wp-content\/uploads\/2025\/09\/cycle-1.jpg 450w\" sizes=\"auto, (max-width: 300px) 100vw, 300px\" \/><\/a><\/p>\n<p><em>&nbsp; &nbsp; &nbsp; &nbsp; &nbsp; &nbsp; &nbsp; &nbsp; &nbsp; &nbsp; &nbsp; &nbsp; &nbsp; &nbsp; &nbsp; &nbsp; &nbsp; &nbsp; &nbsp; &nbsp; &nbsp; &nbsp; &nbsp; &nbsp; &nbsp; &nbsp; &nbsp; &nbsp; &nbsp; &nbsp; &nbsp; &nbsp; &nbsp; &nbsp; &nbsp; &nbsp; &nbsp; &nbsp; &nbsp; &nbsp; &nbsp; &nbsp; &nbsp; &nbsp; &nbsp; &nbsp; &nbsp; &nbsp; &nbsp; &nbsp; &nbsp; &nbsp; &nbsp; &nbsp; &nbsp;Sylvie &#8211; Nady &#8211; Delphine &#8211; Sarah<\/em><\/p>\n<p>&nbsp; &nbsp; &nbsp; &nbsp; &nbsp; &nbsp; &nbsp; &nbsp; &nbsp; &nbsp; &nbsp; &nbsp; &nbsp; &nbsp; &nbsp; &nbsp; &nbsp; &nbsp; &nbsp; &nbsp; &nbsp; &nbsp; &nbsp; &nbsp; &nbsp; &nbsp; &nbsp; &nbsp; &nbsp; &nbsp; &nbsp; &nbsp; &nbsp; &nbsp; &nbsp; &nbsp; &nbsp; &nbsp; &nbsp; &nbsp; &nbsp; &nbsp; &nbsp; &nbsp; &nbsp; &nbsp; &nbsp; &nbsp; &nbsp; &nbsp; &nbsp; &nbsp; &nbsp; &nbsp; &nbsp; &nbsp; &nbsp; &nbsp;<\/p>\n<p><strong>-Equipe du cycle 2<\/strong><\/p>\n<p>Classe de CP ( avec les GS) : Sylvie PORCHER avec Nady LASALLE (ASEM)&nbsp;<\/p>\n<p>Classe de CP\/CE1 : C\u00e9line MOUREAU&nbsp;<\/p>\n<p>Classe de CE2 : Sol\u00e8ne OLIVIER&nbsp;<\/p>\n<p>Enseignante sp\u00e9cialis\u00e9e : Sandrine DERIANO<\/p>\n<p><a href=\"http:\/\/ecole-ste-anne-asserac.fr\/wp-content\/uploads\/2025\/09\/cycle-2.jpg\"><img loading=\"lazy\" decoding=\"async\" class=\"size-medium wp-image-7246 aligncenter\" src=\"http:\/\/ecole-ste-anne-asserac.fr\/wp-content\/uploads\/2025\/09\/cycle-2-300x300.jpg\" alt=\"\" width=\"300\" height=\"300\" srcset=\"https:\/\/ecole-ste-anne-asserac.fr\/wp-content\/uploads\/2025\/09\/cycle-2-300x300.jpg 300w, https:\/\/ecole-ste-anne-asserac.fr\/wp-content\/uploads\/2025\/09\/cycle-2-150x150.jpg 150w, https:\/\/ecole-ste-anne-asserac.fr\/wp-content\/uploads\/2025\/09\/cycle-2.jpg 450w\" sizes=\"auto, (max-width: 300px) 100vw, 300px\" \/><\/a><\/p>\n<p>&nbsp; &nbsp; &nbsp; &nbsp; &nbsp; &nbsp; &nbsp; &nbsp; &nbsp; &nbsp; &nbsp; &nbsp; &nbsp; &nbsp; &nbsp; &nbsp; &nbsp; &nbsp; &nbsp; &nbsp; &nbsp; &nbsp; &nbsp; &nbsp; &nbsp; &nbsp; &nbsp; &nbsp; &nbsp; &nbsp; &nbsp; &nbsp; &nbsp; &nbsp; &nbsp; &nbsp; &nbsp; &nbsp; &nbsp; &nbsp; &nbsp; &nbsp; &nbsp; &nbsp; &nbsp; &nbsp; &nbsp; &nbsp; &nbsp; &nbsp; &nbsp; &nbsp; &nbsp; &nbsp; &nbsp; &nbsp; &nbsp; &nbsp; &nbsp; Sandrine, C\u00e9line, Sylvie, Solen<\/p>\n<p>&nbsp; &nbsp; &nbsp; &nbsp; &nbsp; &nbsp; &nbsp; &nbsp; &nbsp; &nbsp; &nbsp; &nbsp; &nbsp; &nbsp; &nbsp; &nbsp; &nbsp; &nbsp; &nbsp; &nbsp; &nbsp; &nbsp; &nbsp; &nbsp; &nbsp; &nbsp; &nbsp; &nbsp; &nbsp; &nbsp; &nbsp; &nbsp; &nbsp; &nbsp; &nbsp; &nbsp; &nbsp; &nbsp; &nbsp; &nbsp; &nbsp; &nbsp; &nbsp; &nbsp; &nbsp; &nbsp; &nbsp; &nbsp;<\/p>\n<p><strong>&#8211; Equipe du cycle 3<\/strong><\/p>\n<p>Classe de CM1 : Solen OLIVIER&nbsp;<\/p>\n<p>Classe de CM1 &#8211; CM2: V\u00e9ronique AMICE et Am\u00e9lie EVEN&nbsp; (le lundi)<\/p>\n<p><a href=\"http:\/\/ecole-ste-anne-asserac.fr\/wp-content\/uploads\/2025\/09\/cycle-3.jpg\"><img loading=\"lazy\" decoding=\"async\" class=\"size-medium wp-image-7247 aligncenter\" src=\"http:\/\/ecole-ste-anne-asserac.fr\/wp-content\/uploads\/2025\/09\/cycle-3-300x300.jpg\" alt=\"\" width=\"300\" height=\"300\" srcset=\"https:\/\/ecole-ste-anne-asserac.fr\/wp-content\/uploads\/2025\/09\/cycle-3-300x300.jpg 300w, https:\/\/ecole-ste-anne-asserac.fr\/wp-content\/uploads\/2025\/09\/cycle-3-1024x1024.jpg 1024w, https:\/\/ecole-ste-anne-asserac.fr\/wp-content\/uploads\/2025\/09\/cycle-3-150x150.jpg 150w, https:\/\/ecole-ste-anne-asserac.fr\/wp-content\/uploads\/2025\/09\/cycle-3-768x768.jpg 768w, https:\/\/ecole-ste-anne-asserac.fr\/wp-content\/uploads\/2025\/09\/cycle-3-600x600.jpg 600w, https:\/\/ecole-ste-anne-asserac.fr\/wp-content\/uploads\/2025\/09\/cycle-3-1536x1536.jpg 1536w, https:\/\/ecole-ste-anne-asserac.fr\/wp-content\/uploads\/2025\/09\/cycle-3-2048x2048.jpg 2048w\" sizes=\"auto, (max-width: 300px) 100vw, 300px\" \/><\/a><\/p>\n<p style=\"text-align: center;\">Am\u00e9lie &#8211; V\u00e9ronique &#8211; Solen<\/p>\n<p style=\"text-align: center;\">Bonne ann\u00e9e scolaire \u00e0 toutes !<\/p>\n<p>&nbsp;<\/p>\n<p style=\"text-align: center;\"><em>&nbsp;<\/em><\/p>\n","protected":false},"excerpt":{"rendered":"<p>&nbsp; Voici cette ann\u00e9e la composition de l&rsquo;\u00e9quipe \u00e9ducative de l&rsquo;\u00e9cole Sainte Anne : &#8211; Equipe du cycle 1 Classe de PPS-PS-MS : Delphine DESCOINGS avec Sarah GUIHO (ASEM)&nbsp; Classe de GS : Sylvie PORCHER avec Nady LASALLE (ASEM) &nbsp; &nbsp; &nbsp; &nbsp; &nbsp; &nbsp; &nbsp; &nbsp; &nbsp; &nbsp; &nbsp; &nbsp; &nbsp; &nbsp; &nbsp; &nbsp;<\/p>\n<p><a href=\"https:\/\/ecole-ste-anne-asserac.fr\/?page_id=56\" class=\"more-link themebutton\">Lire la suite<\/a><\/p>\n","protected":false},"author":3,"featured_media":0,"parent":0,"menu_order":0,"comment_status":"closed","ping_status":"closed","template":"","meta":{"ngg_post_thumbnail":0,"footnotes":""},"class_list":["post-56","page","type-page","status-publish","hentry"],"_links":{"self":[{"href":"https:\/\/ecole-ste-anne-asserac.fr\/index.php?rest_route=\/wp\/v2\/pages\/56","targetHints":{"allow":["GET"]}}],"collection":[{"href":"https:\/\/ecole-ste-anne-asserac.fr\/index.php?rest_route=\/wp\/v2\/pages"}],"about":[{"href":"https:\/\/ecole-ste-anne-asserac.fr\/index.php?rest_route=\/wp\/v2\/types\/page"}],"author":[{"embeddable":true,"href":"https:\/\/ecole-ste-anne-asserac.fr\/index.php?rest_route=\/wp\/v2\/users\/3"}],"replies":[{"embeddable":true,"href":"https:\/\/ecole-ste-anne-asserac.fr\/index.php?rest_route=%2Fwp%2Fv2%2Fcomments&post=56"}],"version-history":[{"count":14,"href":"https:\/\/ecole-ste-anne-asserac.fr\/index.php?rest_route=\/wp\/v2\/pages\/56\/revisions"}],"predecessor-version":[{"id":7248,"href":"https:\/\/ecole-ste-anne-asserac.fr\/index.php?rest_route=\/wp\/v2\/pages\/56\/revisions\/7248"}],"wp:attachment":[{"href":"https:\/\/ecole-ste-anne-asserac.fr\/index.php?rest_route=%2Fwp%2Fv2%2Fmedia&parent=56"}],"curies":[{"name":"wp","href":"https:\/\/api.w.org\/{rel}","templated":true}]}}

L&rsquo;équipe éducative

<p>&nbsp; Voici cette année la composition de l&rsquo;équipe éducative de l&rsquo;école Sainte Anne :</p>
<p>&#8211;<strong> Equipe du cycle 1</strong></p>
<p>Classe de PPS-PS-MS : Delphine DESCOINGS avec Sarah GUIHO (ASEM)&nbsp;</p>
<p>Classe de GS : Sylvie PORCHER avec Nady LASALLE (ASEM)</p>
<p><a href="http://ecole-ste-anne-asserac.fr/wp-content/uploads/2025/09/cycle-1.jpg"><img loading="lazy" decoding="async" class="size-medium wp-image-7245 aligncenter" src="http://ecole-ste-anne-asserac.fr/wp-content/uploads/2025/09/cycle-1-300x300.jpg" alt="" width="300" height="300" srcset="https://ecole-ste-anne-asserac.fr/wp-content/uploads/2025/09/cycle-1-300x300.jpg 300w, https://ecole-ste-anne-asserac.fr/wp-content/uploads/2025/09/cycle-1-150x150.jpg 150w, https://ecole-ste-anne-asserac.fr/wp-content/uploads/2025/09/cycle-1.jpg 450w" sizes="auto, (max-width: 300px) 100vw, 300px" /></a></p>
<p><em>&nbsp; &nbsp; &nbsp; &nbsp; &nbsp; &nbsp; &nbsp; &nbsp; &nbsp; &nbsp; &nbsp; &nbsp; &nbsp; &nbsp; &nbsp; &nbsp; &nbsp; &nbsp; &nbsp; &nbsp; &nbsp; &nbsp; &nbsp; &nbsp; &nbsp; &nbsp; &nbsp; &nbsp; &nbsp; &nbsp; &nbsp; &nbsp; &nbsp; &nbsp; &nbsp; &nbsp; &nbsp; &nbsp; &nbsp; &nbsp; &nbsp; &nbsp; &nbsp; &nbsp; &nbsp; &nbsp; &nbsp; &nbsp; &nbsp; &nbsp; &nbsp; &nbsp; &nbsp; &nbsp; &nbsp;Sylvie &#8211; Nady &#8211; Delphine &#8211; Sarah</em></p>
<p>&nbsp; &nbsp; &nbsp; &nbsp; &nbsp; &nbsp; &nbsp; &nbsp; &nbsp; &nbsp; &nbsp; &nbsp; &nbsp; &nbsp; &nbsp; &nbsp; &nbsp; &nbsp; &nbsp; &nbsp; &nbsp; &nbsp; &nbsp; &nbsp; &nbsp; &nbsp; &nbsp; &nbsp; &nbsp; &nbsp; &nbsp; &nbsp; &nbsp; &nbsp; &nbsp; &nbsp; &nbsp; &nbsp; &nbsp; &nbsp; &nbsp; &nbsp; &nbsp; &nbsp; &nbsp; &nbsp; &nbsp; &nbsp; &nbsp; &nbsp; &nbsp; &nbsp; &nbsp; &nbsp; &nbsp; &nbsp; &nbsp; &nbsp;</p>
<p><strong>-Equipe du cycle 2</strong></p>
<p>Classe de CP ( avec les GS) : Sylvie PORCHER avec Nady LASALLE (ASEM)&nbsp;</p>
<p>Classe de CP/CE1 : Céline MOUREAU&nbsp;</p>
<p>Classe de CE2 : Solène OLIVIER&nbsp;</p>
<p>Enseignante spécialisée : Sandrine DERIANO</p>
<p><a href="http://ecole-ste-anne-asserac.fr/wp-content/uploads/2025/09/cycle-2.jpg"><img loading="lazy" decoding="async" class="size-medium wp-image-7246 aligncenter" src="http://ecole-ste-anne-asserac.fr/wp-content/uploads/2025/09/cycle-2-300x300.jpg" alt="" width="300" height="300" srcset="https://ecole-ste-anne-asserac.fr/wp-content/uploads/2025/09/cycle-2-300x300.jpg 300w, https://ecole-ste-anne-asserac.fr/wp-content/uploads/2025/09/cycle-2-150x150.jpg 150w, https://ecole-ste-anne-asserac.fr/wp-content/uploads/2025/09/cycle-2.jpg 450w" sizes="auto, (max-width: 300px) 100vw, 300px" /></a></p>
<p>&nbsp; &nbsp; &nbsp; &nbsp; &nbsp; &nbsp; &nbsp; &nbsp; &nbsp; &nbsp; &nbsp; &nbsp; &nbsp; &nbsp; &nbsp; &nbsp; &nbsp; &nbsp; &nbsp; &nbsp; &nbsp; &nbsp; &nbsp; &nbsp; &nbsp; &nbsp; &nbsp; &nbsp; &nbsp; &nbsp; &nbsp; &nbsp; &nbsp; &nbsp; &nbsp; &nbsp; &nbsp; &nbsp; &nbsp; &nbsp; &nbsp; &nbsp; &nbsp; &nbsp; &nbsp; &nbsp; &nbsp; &nbsp; &nbsp; &nbsp; &nbsp; &nbsp; &nbsp; &nbsp; &nbsp; &nbsp; &nbsp; &nbsp; &nbsp; Sandrine, Céline, Sylvie, Solen</p>
<p>&nbsp; &nbsp; &nbsp; &nbsp; &nbsp; &nbsp; &nbsp; &nbsp; &nbsp; &nbsp; &nbsp; &nbsp; &nbsp; &nbsp; &nbsp; &nbsp; &nbsp; &nbsp; &nbsp; &nbsp; &nbsp; &nbsp; &nbsp; &nbsp; &nbsp; &nbsp; &nbsp; &nbsp; &nbsp; &nbsp; &nbsp; &nbsp; &nbsp; &nbsp; &nbsp; &nbsp; &nbsp; &nbsp; &nbsp; &nbsp; &nbsp; &nbsp; &nbsp; &nbsp; &nbsp; &nbsp; &nbsp; &nbsp;</p>
<p><strong>&#8211; Equipe du cycle 3</strong></p>
<p>Classe de CM1 : Solen OLIVIER&nbsp;</p>
<p>Classe de CM1 &#8211; CM2: Véronique AMICE et Amélie EVEN&nbsp; (le lundi)</p>
<p><a href="http://ecole-ste-anne-asserac.fr/wp-content/uploads/2025/09/cycle-3.jpg"><img loading="lazy" decoding="async" class="size-medium wp-image-7247 aligncenter" src="http://ecole-ste-anne-asserac.fr/wp-content/uploads/2025/09/cycle-3-300x300.jpg" alt="" width="300" height="300" srcset="https://ecole-ste-anne-asserac.fr/wp-content/uploads/2025/09/cycle-3-300x300.jpg 300w, https://ecole-ste-anne-asserac.fr/wp-content/uploads/2025/09/cycle-3-1024x1024.jpg 1024w, https://ecole-ste-anne-asserac.fr/wp-content/uploads/2025/09/cycle-3-150x150.jpg 150w, https://ecole-ste-anne-asserac.fr/wp-content/uploads/2025/09/cycle-3-768x768.jpg 768w, https://ecole-ste-anne-asserac.fr/wp-content/uploads/2025/09/cycle-3-600x600.jpg 600w, https://ecole-ste-anne-asserac.fr/wp-content/uploads/2025/09/cycle-3-1536x1536.jpg 1536w, https://ecole-ste-anne-asserac.fr/wp-content/uploads/2025/09/cycle-3-2048x2048.jpg 2048w" sizes="auto, (max-width: 300px) 100vw, 300px" /></a></p>
<p style="text-align: center;">Amélie &#8211; Véronique &#8211; Solen</p>
<p style="text-align: center;">Bonne année scolaire à toutes !</p>
<p>&nbsp;</p>
<p style="text-align: center;"><em>&nbsp;</em></p>

<p>&nbsp; Voici cette année la composition de l&rsquo;équipe éducative de l&rsquo;école Sainte Anne : &#8211; Equipe du cycle 1 Classe de PPS-PS-MS : Delphine DESCOINGS avec Sarah GUIHO (ASEM)&nbsp; Classe de GS : Sylvie PORCHER avec Nady LASALLE (ASEM) &nbsp; &nbsp; &nbsp; &nbsp; &nbsp; &nbsp; &nbsp; &nbsp; &nbsp; &nbsp; &nbsp; &nbsp; &nbsp; &nbsp; &nbsp; &nbsp;</p>
<p><a href="https://ecole-ste-anne-asserac.fr/?page_id=56" class="more-link themebutton">Lire la suite</a></p>
